 3149433?
3
What is the tens digit of 1468965?
6
What is the thousands digit of 399649?
9
What is the tens digit of 5435900?
0
What is the thousands digit of 49128?
9
What is the thousands digit of 734824?
4
What is the hundred thousands digit of 16204960?
2
What is the tens digit of 1269363?
6
What is the thousands digit of 502054?
2
What is the units digit of 8478106?
6
What is the ten thousands digit of 117536?
1
What is the ten thousands digit of 115462?
1
What is the ten thousands digit of 68275?
6
What is the millions digit of 10709699?
0
What is the hundreds digit of 18095?
0
What is the hundreds digit of 3061772?
7
What is the hundred thousands digit of 3970991?
9
What is the units digit of 274837?
7
What is the thousands digit of 144069?
4
What is the hundred thousands digit of 205347?
2
What is the hundreds digit of 863113?
1
What is the thousands digit of 1511144?
1
What is the thousands digit of 1363988?
3
What is the units digit of 6187?
7
What is the thousands digit of 528184?
8
What is the hundred thousands digit of 3534736?
5
What is the tens digit of 12651425?
2
What is the ten thousands digit of 15609001?
0
What is the hundreds digit of 18810851?
8
What is the thousands digit of 41291561?
1
What is the tens digit of 967248?
4
What is the units digit of 8684486?
6
What is the units digit of 849831?
1
What is the millions digit of 1597203?
1
What is the units digit of 7337669?
9
What is the thousands digit of 163035?
3
What is the hundreds digit of 645017?
0
What is the units digit of 11024313?
3
What is the tens digit of 1004409?
0
What is the units digit of 122409?
9
What is the thousands digit of 5994353?
4
What is the ten thousands digit of 5038927?
3
What is the ten thousands digit of 201843?
0
What is the hundred thousands digit of 434130?
4
What is the hundred thousands digit of 1393519?
3
What is the tens digit of 708200?
0
What is the units digit of 132355?
5
What is the ten thousands digit of 1007958?
0
What is the hundreds digit of 569475?
4
What is the millions digit of 11832360?
1
What is the ten thousands digit of 180869?
8
What is the tens digit of 160502?
0
What is the thousands digit of 9016336?
6
What is the hundred thousands digit of 3902902?
9
What is the units digit of 339418?
8
What is the thousands digit of 831709?
1
What is the millions digit of 2562242?
2
What is the hundred thousands digit of 1021707?
0
What is the units digit of 5867373?
3
What is the hundreds digit of 1186304?
3
What is the millions digit of 19916969?
9
What is the hundreds digit of 2769846?
8
What is the tens digit of 162918?
1
What is the tens digit of 216767?
6
What is the hundreds digit of 2045798?
7
What is the tens digit of 89403?
0
What is the ten millions digit of 13391607?
1
What is the ten thousands digit of 4288977?
8
What is the hundreds digit of 391813?
8
What is the ten thousands digit of 1684980?
8
What is the tens digit of 23167770?
7
What is the ten millions digit of 19566556?
1
What is the ten thousands digit of 14009691?
0
What is the units digit of 64401?
1
What is the thousands digit of 13684162?
4
What is the hundreds digit of 38736?
7
What is the millions digit of 2471348?
2
What is the hundred thousands digit of 1293969?
2
What is the units digit of 11862862?
2
What is the hundreds digit of 2577070?
0
What is the hundreds digit of 2190314?
3
What is the millions digit of 5214440?
5
What is the tens digit of 17931963?
6
What is the hundred thousands digit of 3846402?
8
What is the units digit of 708353?
3
What is the thousands digit of 911800?
1
What is the thousands digit of 21557558?
7
What is the hundreds digit of 13628012?
0
What is the tens digit of 389848?
4
What is the thousands digit of 88423?
8
What is the hundreds digit of 219410?
4
What is the hundreds digit of 295940?
9
What is the ten thousands digit of 571314?
7
What is the hundreds digit of 1437052?
0
What is the hundred thousands digit of 649277?
6
What is the thousands digit of 10225002?
5
What is the ten thousands digit of 2105508?
0
What is the thousands digit of 8015581?
5
What is the millions digit of 3102211?
3
What is the thousands digit of 211191?
1
What is the hundreds digit of 162014?
0
What is the ten thousands digit of 538195?
3
What is the hundreds digit of 1076316?
3
What is the hundred thousands digit of 485670?
4
What is the units digit of 740309?
9
What is the ten thousands digit of 26795?
2
What is the thousands digit of 750185?
0
What is the units digit of 1805107?
7
What is the thousands digit of 14446424?
6
What is the tens digit of 226887?
8
What is the ten thousands digit of 350007?
5
What is the ten thousands digit of 1304025?
0
What is the hundreds digit of 5531998?
9
What is the thousands digit of 967113?
7
What is the units digit of 3462320?
0
What is the thousands digit of 784137?
4
What is the ten thousands digit of 67593?
6
What is the tens digit of 16733015?
1
What is the hundreds digit of 716797?
7
What is the hundred thousands digit of 570638?
5
What is the tens digit of 246623?
2
What is the millions digit of 5886369?
5
What is the tens digit of 253818?
1
What is the thousands digit of 233316?
3
What is the units digit of 1203154?
4
What is the hundred thousands digit of 269608?
2
What is the hundreds digit of 687770?
7
What is the thousands digit of 2507283?
7
What is the ten thousands digit of 2199175?
9
What is the hundred thousands digit of 1307228?
3
What is the hundred thousands digit of 256222?
2
What is the hundred thousands digit of 253531?
2
What is the tens digit of 348904?
0
What is the hundreds digit of 126703?
7
What is the hundred thousands digit of 233520?
2
What is the thousands digit of 8716224?
6
What is the thousands digit of 265642?
5
What is the units digit of 172813?
3
What is the tens digit of 3891898?
9
What is the thousands digit of 200813?
0
What is the hundreds digit of 4985681?
6
What is the ten thousands digit of 322381?
2
What is the ten thousands digit of 2061584?
6
What is the thousands digit of 249055?
9
What is the hundreds digit of 144167?
1
What is the hundreds digit of 12211?
2
What is the hundreds digit of 394424?
4
What is the ten thousands digit of 978925?
7
What is the ten thousands digit of 467793?
6
What is the millions digit of 21459203?
1
What is the hundreds digit of 30183?
1
What is the ten thousands digit of 1497807?
9
What is the hundred thousands digit of 16928065?
9
What is the hundreds digit of 1103361?
3
What is the thousands digit of 1234645?
4
What is the hundreds digit of 12457877?
8
What is the ten thousands digit of 15185085?
8
What is the tens digit of 12911?
1
What is the units digit of 1121942?
2
What is the tens digit of 1587034?
3
What is the thousands digit of 41586?
1
What is the thousands digit of 3654366?
4
What is the ten millions digit of 19554371?
1
What is the units digit of 9492671?
1
What is the thousands digit of 330281?
0
What is the tens digit of 893972?
7
What is the tens digit of 7411410?
1
What is the thousands digit of 7343024?
3
What is the hundreds digit of 1211372?
3
What is the thousands digit of 4515207?
5
What is the ten thousands digit of 558769?
5
What is the thousands digit of 1317639?
7
What is the tens digit of 10285626?
2
What is the tens digit of 14959654?
5
What is the hundreds digit of 1701920?
9
What is the units digit of 54575?
5
What is the ten thousands digit of 1127512?
2
What is the units digit of 10581218?
8
What is the units digit of 513100?
0
What is the tens digit of 156002?
0
What is the units digit of 1703751?
1
What is the tens digit of 1350913?
1
What is the thousands digit of 638634?
8
What is the hundreds digit of 34440?
4
What is the tens digit of 9429299?
9
What is the thousands digit of 174901?
4
What is the hundred thousands digit of 4019424?
0
What is the millions digit of 40412216?
0
What is the thousands digit of 215666?
5
What is the ten thousands digit of 7983951?
8
What is the units digit of 137034?
4
What is the units digit of 30749567?
7
What is the thousands digit of 8030538?
0
What is the thousands digit of 290961?
0
What is the millions digit of 13970969?
3
What is the ten thousands digit of 135771?
3
What is the ten thousands digit of 9163528?
6
What is the thousands digit of 11041